 + z - 28, z - 22 = -u*w + w. What is the units digit of w?
6
Let l(o) = -10*o + 6. What is the units digit of l(-8)?
6
Let g = 2 - -3. What is the units digit of 2/2 + 25/g?
6
Let a = 152 - -120. What is the tens digit of a?
7
Let v be (0 - -10)*(-15)/(-10). Suppose 3*l - v = -3. What is the units digit of l?
4
Let m(g) = 4*g**3 - 2*g + 1. Let t(a) = -a + 1. Let d be t(-3). Let q = d - 3. What is the units digit of m(q)?
3
Let h(k) = k**3 - 2*k**2 - 3*k. What is the tens digit of h(4)?
2
Suppose 4*j = 3*p - 26, -5*p + 2*j - j = -15. Suppose v - 7 = -2*d, -3*v - d + 12 = -p*v. Let b = v - 10. What is the units digit of b?
7
Let k(j) = j**2 + 7*j + 10. What is the tens digit of k(-7)?
1
Let d be 2/(-4)*(-1 + 3). Let t = d + 3. What is the units digit of t?
2
Suppose -6*s + 3*s + 147 = 0. What is the units digit of s?
9
Let l(j) = -j**3 + 7*j**2 - 4*j + 9. Let i be l(6). Let n = -37 - -25. Let g = n + i. What is the units digit of g?
9
Let k be 22/(-5) - (-6)/15. Let a = k - -6. Suppose -a*p + p + 4 = 0. What is the units digit of p?
4
Let k(w) = w**3 - 2*w**2 + 3*w - 1. Let a be k(3). Suppose -o + a = 3. What is the units digit of o?
4
Let h(b) = 13*b**2 + 1. Suppose 1 = 2*o - 1. What is the tens digit of h(o)?
1
What is the tens digit of (-5 - -7)/(2/19)?
1
Let u(c) = 3*c**2 - 6*c - 6 + 2 - 4*c**2. Suppose -3*k - 18 = 5*p, 4*p - k = -4 - 7. What is the units digit of u(p)?
5
Suppose 0 = 3*s + s. Suppose s = 3*p + p + 8. What is the units digit of 8 - 2/4*p?
9
Let u(j) be the third derivative of -j**5/60 - 2*j**4/3 - 11*j**3/6 - 6*j**2. What is the tens digit of u(-10)?
4
Suppose r = 6*r + 10, -2*r = 2*m. Suppose m*l = l + 3. Suppose 5*o - 2*o - 2*n - 26 = 0, 0 = 4*o + l*n - 29. What is the units digit of o?
8
Suppose 7 = 4*o + 4*a - 1, -2 = 5*o - a. Suppose 3*i - 51 = -s, 3*s + 5*i - 138 + 5 = o. What is the tens digit of s?
3
Let r be 1 - 3 - (1 + -3). Suppose 4*g - 9 - 27 = r. What is the units digit of g?
9
Let w be 33/(-22)*(-52)/6. Suppose -w = -2*n + 23. What is the tens digit of n?
1
Suppose -19 = -a + 50. What is the tens digit of a?
6
Suppose -7*y - 81 = -3*r - 2*y, -3 = -y. What is the tens digit of r?
3
Let k(s) = s + 8. Suppose -5*y = -10*y - 30. Let q be k(y). Suppose -32 = -q*j - 0*j. What is the units digit of j?
6
Let h(s) = -8*s**2 + 5. Let b(v) = -9*v**2 + 4. Let r = 10 - 7. Let k(p) = r*h(p) - 4*b(p). What is the units digit of k(-1)?
1
Let j be ((-1)/3)/(2/(-12)). Suppose 3*q - l = 8, q - j*l - 12 = -4*q. What is the units digit of q?
4
Suppose -a + 3 = -2. Suppose 2*r - a*l + 23 - 59 = 0, -3*r + 54 = -3*l. What is the tens digit of r?
1
Let u = 460 - 313. What is the hundreds digit of u?
1
Suppose 104 + 81 = 5*m. What is the tens digit of m?
3
Suppose 3*t = -0*x + x + 45, 2*x + 6 = 0. What is the units digit of t?
4
Suppose -4*x - 8 = 0, -4*i - 4*x - 344 + 1204 = 0. What is the tens digit of i?
1
Let b = 35 - -18. Let l = 88 - b. Suppose -3*s = 2*s - l. What is the units digit of s?
7
Let i be (-2)/9 - 140/18. Let b(n) = -6 + 0*n**2 - n**2 - n**3 + n**2 - 2*n - 8*n**2. What is the tens digit of b(i)?
1
Let k(q) = 4*q - 8 + 0*q**3 + 2*q**3 + 7*q**2 - q**3. What is the units digit of k(-6)?
4
Let r be 1 + 1 + -2 + 2. Suppose -1 - 3 = -r*o. What is the units digit of o?
2
Let a(h) = 3*h - 4*h + 3*h + 4*h**2 - h**3. What is the units digit of a(4)?
8
Suppose 2*y + 10 = -5*t, 3*t + 8 = y - t. Let k = y + 3. Let u = k + -1. What is the units digit of u?
2
Let n be 3/3 + (0 - -1)*15. Suppose 3*y + 4 = -q, -23 = 4*y - q - 6. What is the tens digit of (27/(-12))/(y/n)?
1
Suppose 0*a + a = -85. Let z be (-3)/(-12) - a/(-4). What is the units digit of z/(-9) - (-2)/(-6)?
2
Let x(q) = -3*q**2 - 9*q - 7. Let h(t) = -4*t**2 - 9*t - 7. Let w(m) = -2*h(m) + 3*x(m). Let o = 0 + -7. What is the units digit of w(o)?
7
Let k(d) = d**3 + 7*d**2 + 2*d + 10. Let p be k(-7). Let i(q) = q**2 + 2*q - 5. Let m be i(p). Suppose 0*s + m*s - 6 = 0. What is the units digit of s?
2
Suppose -k + y + 16 = 0, -5*y = -0*k + 5*k - 60. What is the tens digit of k?
1
Suppose 2*q + 4*o - 706 = 0, 0 = 5*q - 2*q + 2*o - 1067. What is the tens digit of q?
5
Let h = -77 - -129. What is the tens digit of h?
5
Suppose -2*o - 4 = -4*g, g + 4*o = 3*g + 4. Suppose 4*c - 5*y - 43 = 0, -5*c + 3*y - g*y = -38. What is the units digit of c?
7
Let i(r) = -r**3 + 6*r**2 - 6*r + 6. Let u be i(5). What is the units digit of u*((-64)/(-4) + -1)?
5
Let x = 22 + -34. Let m = x - -38. What is the tens digit of m?
2
Let y(h) = -5*h**2 - 7*h - 6. Let u(s) = -4*s**2 - 7*s - 5. Let z(k) = -6*u(k) + 5*y(k). What is the units digit of z(4)?
2
Suppose -8 = 2*t + 2*t. Let r be 18/(-3)*t/6. Suppose -r*x - 35 = -5*v - 0*x, 5 = -x. What is the units digit of v?
5
Suppose -3*l + 584 = -421. What is the tens digit of l?
3
Suppose -a - 12 = -5*a. Suppose -2*u + 8 = x, -u + 4 = x + x. Suppose -33 = -2*m - a*m - u*z, -4*z = -4*m + 12. What is the units digit of m?
5
Suppose y + 164 = 4*c - 3*y, -4 = -y. Suppose -4*d + 21 - 1 = 0. Suppose -d*o = -0*o - c. What is the units digit of o?
9
Suppose 5*h - 8 + 3 = -d, -16 = 4*d + 2*h. What is the tens digit of ((-36)/10)/(1/d)?
1
Suppose -10 = r - 6*r. Suppose 3 = r*k + 1. What is the units digit of k?
1
Let y(o) = -o - 2. Let w be y(7). Let f = w + 21. What is the units digit of f?
2
Let r(q) = -q - 1. Let l be r(3). Let d = l - -2. What is the units digit of -1 + (-1)/(d/16)?
7
What is the tens digit of (3/2)/(-2 - 820/(-408))?
5
Suppose 2*l + 2*k - 50 = -2*l, -3*l = -3*k - 15. What is the units digit of (21/6)/(1/l)?
5
Suppose 67 = 2*i + p, -i = -0*i - 4*p - 29. Suppose -5*q + 5*g = -5 - 10, 3*q + 3*g = i. Suppose -q*m + 20 = -3*m. What is the units digit of m?
5
Let b = 707 - 440. What is the hundreds digit of b?
2
Let s = 160 + 204. What is the hundreds digit of s?
3
Suppose 4*l = -3*f + 118, 4*l - f - 28 - 82 = 0. What is the units digit of (-1 + 3)/(-1) + l?
6
Let i(c) = c + 38. What is the tens digit of i(-10)?
2
Let x(v) = -3*v**3 + v**2 - 2*v + 1. Let i be x(2). Let m = i + 42. What is the units digit of m?
9
Let v = -3 + -22. Let t = v + 44. Let s = t - 12. What is the units digit of s?
7
Suppose -3*y + 3*k + 0 = 3, k = 0. Let g = -4 - y. What is the units digit of g/(-12) - 46/(-8)?
6
Suppose -31 = -6*w + 47. What is the tens digit of w?
1
Let m = 9 + -6. Let i(k) = 2*k**3 - 3*k**2 + 1. Let v be i(2). Let b = v - m. What is the units digit of b?
2
Let k = 0 - 1. Let n be (k - (-3)/6)*-14. Suppose y - 1 - n = 0. What is the units digit of y?
8
Let f(v) = -v. Let b(r) = -r - 1. Let z(j) = -2*b(j) + f(j). Let g be z(3). Suppose -5*t - 5*m + 47 = -13, -g*t + 10 = -5*m. What is the units digit of t?
7
Suppose -5*o + 2*o = -g - 10, g + 4*o - 18 = 0. Suppose -3 = -3*t + 3*k, -g*k + k = -5*t + 9. Suppose t = 3*q - 4. What is the units digit of q?
2
Suppose -3*z + 1 - 11 = -2*h, -h - z + 5 = 0. Suppose 0 = 2*r - 2*o - 2, 3*r - h*r + 5*o = -2. What is the units digit of r?
1
Let s be (-25)/10 + (-2)/4. Let f be 4 + -2 + (-15)/s. Suppose -f*x + 75 = -2*x. What is the units digit of x?
5
Let g be (-2)/9 - 104/18. Let j be (-1 + (-3)/g)*-12. What is the units digit of 1/(((-2)/j)/(-1))?
3
Suppose 2*y = 2 + 10. Suppose 0 = 2*a + y, -a - 2 = 5*f - 19. Suppose f*x - 4 = 2*w, -4*x = w - 3 - 19. What is the units digit of w?
6
Let n(r) = r + 7. Let o be n(-5). Suppose 0 = -5*d + o + 53. What is the units digit of d?
1
Let s(a) = -a. Let f(g) = -46*g + 3. Let w(b) = -f(b) + 2*s(b). Let h be w(2). Suppose -6*y = -y - h. What is the units digit of y?
7
Let m(s) = -7*s - 5. Let h be m(-4). What is the tens digit of (-9)/18*(-1 - h)?
1
Suppose 44 = 2*i - 0*i. Suppose -a + i = -0*a. What is the units digit of a?
2
Let m(s) = s - 2 + 9 - 3 + 0*s. What is the units digit of m(4)?
8
Let w(j) = -j**2 + 6*j + 3. Let n be w(6). Let q(u) = u**3 + 2*u**2 - 2*u - 2. Let l be q(-2). Suppose b - n = -l*b. What is the units digit of b?
1
Let j(v) = 6*v. Let z be j(6). Suppose m = -2*m + z. What is the units digit of m?
2
Let y = -9 + 11. Suppose y*f + 2*f = 24. Suppose -79 = -3*p - 4*j, 0 = -2*p - 3*j + f*j + 30. What is the units digit of p?
1
Let p = -9 + 21. Suppose -p - 18 = -n. What is the units digit of n/9*(-27)/(-6)?
5
Let m(k) be the third derivative of -k**4/24 + 